/(-8)?
4
Let k = 4 - 2. Let v(m) be the third derivative of -m**5/60 + m**4/8 - m**3/6 - m**2. What is the units digit of v(k)?
1
Let a(y) = 4*y**2 - 4*y + 1. What is the tens digit of a(-3)?
4
Suppose -7*f + 9*f = 36. What is the units digit of 2*1/2 + f?
9
Let m(o) = 268*o**2 + 2*o + 1. Let z be m(-1). Suppose 4*b = -91 + z. What is the units digit of b?
4
Suppose 0 = -5*p + q + 373, 3*q - 133 = -2*p - 2*q. What is the units digit of p?
4
Let t be ((-43)/4)/((-6)/24). Let h = t + -19. What is the tens digit of h?
2
Suppose -4*z - 2*k + 896 = -6*k, -4*z = 4*k - 872. What is the tens digit of z?
2
Let h be 25*(16/10 - 2). What is the tens digit of 3/(-3)*(h - 0)?
1
Let u(k) = -k - 3. Let r be u(-8). Suppose -c + 0*c + 5 = 2*z, -4*z + 3 = -r*c. What is the units digit of c?
1
Let i = 752 + -529. What is the tens digit of i?
2
Suppose -169 = -2*h + 5*g - 2*g, 0 = -2*h - g + 173. What is the units digit of 1/4 - h/(-8)?
1
Suppose -2*o = 5*u - 33, 5*o = -0*o + u + 42. What is the units digit of o?
9
Let g = -56 - -80. What is the tens digit of g?
2
Suppose -r + 280 = r. Suppose -5*a + 20 = -r. What is the tens digit of a?
3
Let r = -10 - -16. Suppose 3*w - r*w = 18. Let f = w + 8. What is the units digit of f?
2
Suppose 6*i = 2*i + 164. What is the tens digit of i?
4
What is the units digit of (-95 - -1)*(-7)/14?
7
Let d = -52 + 196. What is the tens digit of d?
4
Suppose 0*y = -y. Suppose 9*g - 4*g - 3*q - 55 = y, 4*q = 0. What is the units digit of g?
1
Let x = 65 - 43. What is the tens digit of x?
2
Let n(g) be the first derivative of 3*g**2/2 - g + 2. Suppose o + 4 = -3*x + 2, x - 2 = -3*o. What is the units digit of n(o)?
2
Let w(j) = -j**3 - 14*j**2 - 12*j + 16. Let n be w(-13). Let g be (n/2)/((-27)/72). What is the units digit of ((-36)/(-10))/(g/(-10))?
9
Suppose 0 = -2*a + 12. Suppose j - 4*b + 16 = -2*j, -3*b + 12 = -5*j. Let f = a - j. What is the units digit of f?
6
Let q = 7 + -15. Let b(s) = -3*s - 10. What is the units digit of b(q)?
4
Let o = -112 - -202. What is the units digit of o?
0
Suppose -1 = -2*m + 7. Suppose g - 4 = -5*l, 2*g - 3*l + l = -m. What is the units digit of g/4 + (-122)/(-8)?
5
Let c be 4*((-2)/4)/(-1). Suppose 2*d + c*d - 17 = -b, 0 = d + 4*b - 8. What is the units digit of d?
4
Let t(x) = -x + 2. Let q be t(0). Suppose -q*w - 3 = -7, -p + w = -5. What is the units digit of p?
7
Let w(u) = u + 10. What is the units digit of w(-8)?
2
Let d(c) be the second derivative of -c**4/12 - 5*c**3/3 - c**2/2 + c. What is the units digit of d(-7)?
0
Let p = 0 - -2. What is the units digit of 0 + -3 + p - -5?
4
Suppose -5 = 5*m - 0. Let c be 1 - m/(1/4). Suppose -4 = c*i - 39. What is the units digit of i?
7
Suppose 6*z - 23 = 37. Suppose 0 = -l - 3*l + t + 19, 0 = 2*l - 2*t - 8. Let k = z - l. What is the units digit of k?
5
Let c = 7 + -5. Suppose -c*x - x - 15 = 4*w, 2*x - 36 = 5*w. What is the units digit of 2/w - 22/(-3)?
7
Let o be (-9)/6*(-4)/(-3). What is the units digit of o/(-1) - -8*2?
8
Suppose -3*g - 5*f + 144 = -40, -4*g + 4*f = -192. Let b = g + -36. What is the tens digit of b?
1
Let x(u) = -4*u**3 - u**2 + u + 2. Let v be x(-2). Suppose 0 = 4*f - v - 12. Suppose 0*y + y = f. What is the tens digit of y?
1
Let d(f) = f**2 + 14*f - 28. What is the units digit of d(8)?
8
Suppose 0 = -5*u - 36 + 131. What is the units digit of u?
9
Suppose 4*b + b = 50. Suppose -b*y + 8 = -8*y. What is the units digit of y?
4
Let j(h) be the second derivative of -h**4/12 - 5*h**3/6 + 3*h**2/2 - h. Suppose 0 = 2*a + 2*t - 2, 0 = -5*a + t - 4 - 15. What is the units digit of j(a)?
9
Let t(q) = -q**3 - 3*q**2 - 2*q + 2. Let j be t(-2). Suppose -j*a = -6 - 20. What is the tens digit of a?
1
Let n(z) = -3 + 2*z + 0*z - 4*z + z**2. Let v be 49/(-14)*(-4)/(-7). What is the units digit of n(v)?
5
Let t be (-1)/((-1 - -3) + -1). What is the units digit of (t + 5 + -3)*4?
4
Let x(m) be the first derivative of -m**3/3 + 5*m**2/2 + 2*m - 3. What is the units digit of x(5)?
2
Suppose 67 = -5*y + 7. Let n = y - -8. Let h = n + 10. What is the units digit of h?
6
Suppose 4*o = 2*o. Let g = 1 - -1. Suppose 2*u - g = -o. What is the units digit of u?
1
Let k(q) = -6*q - 8. Let t be k(-7). Let h = 56 - t. What is the units digit of h?
2
Let f(w) = -5*w + 4. Let i be f(-6). Suppose 2*z + 3*k - 8 = 0, 4*z = k + 2*k + i. What is the units digit of z?
7
Suppose -32 = 3*z - s, -3 = -z + s - 15. Let u = 2 - 3. Let b = u - z. What is the units digit of b?
9
What is the units digit of 15/6*(-376)/(-10) + 0?
4
Suppose 5*u + 25 = 0, 0*u - 5*u = -3*s - 11. What is the units digit of -9*s/45*5?
2
Suppose -h + 27 + 6 = -4*r, r - 3 = -2*h. What is the units digit of 26/(-6)*21/r?
3
Suppose -200 - 514 = -6*k. What is the tens digit of k?
1
Suppose 7*o = 12*o. Suppose o*b + 82 = 2*b. What is the tens digit of b?
4
Suppose -6*c + 576 = -132. What is the tens digit of c?
1
Suppose 0 = 5*s - 2*s - 252. Suppose 4*f + 4*x = s, -x = -5*f + 114 - 9. Let j = f + -15. What is the units digit of j?
6
What is the hundreds digit of 199 - (4 + (1 - 2) + -5)?
2
What is the units digit of ((-50)/20)/(1/(-12))?
0
Let f(v) = 1 + 6 + v**2 - v + 0*v - 1. What is the units digit of f(0)?
6
Let i(d) = d**3 + 7*d**2 + 7*d + 3. Let s be i(-6). Let h = 1 - s. Let b = -3 + h. What is the units digit of b?
1
Let u(c) = c**3 - c**2 + 7*c - 4. What is the units digit of u(3)?
5
Suppose l - 2 - 34 = 0. What is the units digit of l?
6
Let i(c) = 6*c**2 + c + 4. What is the units digit of i(-2)?
6
Suppose 3*o + 2 = -7, 4*o + 12 = -m. Let k(s) = -s**2 + 4. What is the units digit of k(m)?
4
Let y = 57 + -36. What is the units digit of y?
1
Suppose -9*f - 4*f + 3302 = 0. What is the tens digit of f?
5
Let y be 0 + -1*(2 - 4). Suppose 0 = -4*u + y*u + 4. Let b = u + 5. What is the units digit of b?
7
Let r be 3/(-4) + 62/8. Let c(m) = -4 + m + r*m**2 - 3*m + m**3 - 6*m**2 + 3*m**2. What is the tens digit of c(-3)?
1
Suppose -d - 2*d + 36 = 0. What is the units digit of (-456)/(-10) + d/30?
6
Let l(k) = -k**2 + 12*k - 8. Let x = 12 + -1. What is the units digit of l(x)?
3
Let c(z) = -2*z + 1. Let g be c(-2). Suppose u - 64 = g*u. Let q = 23 + u. What is the units digit of q?
7
Suppose -4*n - v = -162 - 97, 329 = 5*n - 4*v. What is the tens digit of n?
6
Suppose -3*c = c + 20. Let u(l) = l**3 + 6*l**2 + l - 6. What is the tens digit of u(c)?
1
Let u = -4 + 9. Let h be (3 + 4/(-2))*u. Let v(j) = -j**3 + 4*j**2 + 5*j + 1. What is the units digit of v(h)?
1
Let p(r) = r**3 + 15*r**2 + 12*r - 36. What is the hundreds digit of p(-13)?
1
Let z(d) = -5*d**3 - 2 + 2*d - 3 + 6. Suppose -2*m = -4*l - 14, -3*m + 2*l + 0 = -5. What is the units digit of z(m)?
4
Let p(z) = -12*z - 3. What is the tens digit of p(-4)?
4
Suppose -2*v = -2*k + 72, -2*k + 38 = 2*v - 18. Let n = -18 + k. What is the units digit of n?
4
Let f be 11 + -7 - (-4)/(-2). Suppose 5*h = f*h + 147. What is the tens digit of h?
4
Let i(q) = 2*q**2 + 2*q + 1. Let p be i(-2). Suppose p*k + 4 = -m + 119, -3*k + 81 = 3*m. Suppose -4*g + 2 + k = 0. What is the units digit of g?
6
Suppose -23*y = -8*y - 2100. What is the units digit of y?
0
Let z be (-15)/9*-1*3. Suppose -5*l - z*u + 20 = 0, 5*l = -u + 6*u + 50. Suppose 0 = -2*t + 3 + l. What is the units digit of t?
5
Let i = -15 - -57. What is the tens digit of i?
4
Let j(z) = -z**2 + 4*z + 4. Let p be j(4). Let x be 1/p + (-18)/8. What is the units digit of x/3 + 33/9?
3
Let s(x) be the first derivative of -2*x**2 + 12*x - 4. What is the units digit of s(-5)?
2
Suppose -3*v = -4*f - 32, v + 2*v + 3*f + 3 = 0. Let w = 1 + 0. Let b = w + v. What is the units digit of b?
5
Let x be 0 - 3 - -4 - 0. Suppose 5 = b + x. What is the units digit of b?
4
Suppose -30 + 0 = -5*w. Let i(p) = -p**2 + 7*p - 1. Let s be i(7). What is the units digit of w + (-2 - s) - 0?
5
Let k = 152 + -56. What is the units digit of k?
6
Suppose 2*d - 9 = -d. Suppose 0 = 5*b - 2*o + 1, 2*o = -1 - d. Let s = 2 + b. What is the units digit of s?
1
Let o = -4 + 2. What is the tens digit of o/(4/(-42))*1?
2
Suppose -2*u = -5*u. Suppose l + u*l = -3, 5*l = -3*r + 9. What is the units digit of r?
8
Let l = -2 - -1. Suppose -r + 10 - 17 = 0. Let z = l - r. What is the units digit of z?
6
Let d(g) = g**3 + 13*g**2 + 7*g + 2. Wh